nd a.
20
Let d be 10 + (-6)/(3 - 6). What is the greatest common divisor of 12 and d?
12
Suppose -4*j = -227 + 91. Calculate the greatest common factor of 51 and j.
17
Let d(y) = y**3 - 7*y**2 + 2. Let w be d(7). Let k be w + (-7)/((-7)/6). What is the greatest common factor of k and 8?
8
Suppose -4*l + 22 = -3*j - 29, -4*l + 44 = 4*j. Let m = -5 + l. Let o = 44 - 9. Calculate the greatest common divisor of o and m.
7
Let r(t) = -2*t - 18. Let n be r(-9). Suppose 4*b - 8 + 4 = 0, 0 = 5*v + 4*b - 24. Let c be v/(-1*(-2 + n)). Calculate the highest common factor of c and 18.
2
Suppose 4 = -5*d - 1. Let q be d/(-3) - 112/(-6). Suppose 0 = 7*z - 2*z + 4*m - 99, -m - 37 = -2*z. What is the greatest common factor of z and q?
19
Suppose 3*l - 38 = -3*p - 5, -21 = -3*l + 3*p. What is the highest common factor of 81 and l?
9
Let d(o) = o**3 - o**2 - o + 4. Let r be d(0). Suppose -r*u + 57 + 11 = 0. What is the highest common divisor of u and 153?
17
Suppose 2*j - 5*j + 6453 = 0. Let x be j/33 - (-4)/(-22). What is the highest common divisor of 13 and x?
13
Suppose 0 = 3*u - 0*u + 15, u - 10 = -3*v. What is the greatest common factor of 5 and v?
5
Suppose 7*i - 270 = 2*i. Suppose 4*b - 122 = i. What is the highest common divisor of b and 66?
22
Let m be 3 - 1 - (3 - 2). Let a(w) = 3*w**2 - 2*w + 1. Let l be a(m). Calculate the highest common factor of l and 2.
2
Let c(g) = -3*g - 25. Let u be c(-10). Suppose n - 12 = 4. Suppose -4*y = -n, 0*o = u*o + 4*y - 331. Calculate the highest common divisor of 7 and o.
7
Suppose 27 = i - 57. Calculate the greatest common factor of 28 and i.
28
Let a be ((-18)/5)/((-2)/80). Let j = -10 + 10. Let b(d) = -d**3 - d**2 + d + 16. Let r be b(j). What is the highest common factor of r and a?
16
Suppose 0 = -0*f - 5*f - 20, -28 = -i + 5*f. Let m(v) = -7*v**3 + v**2. Let h be m(-1). Calculate the highest common factor of h and i.
8
Suppose 5*d - m = 110, -61 - 19 = -5*d - 5*m. Suppose 4*f = d + 15. Calculate the greatest common factor of 9 and f.
9
Let d be (-2 - (1 - 1))*-1. Suppose -4*b + d*z = -64, -z = 3*b - 0*b - 58. Calculate the greatest common factor of 2 and b.
2
Let z = -124 + 198. Suppose 60 = -c + 5*c + 4*p, 5*c + 4*p = z. Calculate the greatest common divisor of 14 and c.
14
Let v(q) = -17*q**2 + q. Let h = 3 - 4. Let y be v(h). Let j = -4 - y. What is the highest common divisor of 7 and j?
7
Let u be 12/(-3) + 7 - 6. Let t(g) = -30*g + 5. Let a be t(u). Calculate the highest common factor of 38 and a.
19
Suppose 0 + 2 = 4*g - 2*d, 2*d = 2*g + 4. Let j(o) = -5 - g*o + 0 + 0. Let z be j(-5). Calculate the highest common divisor of z and 110.
10
Suppose 0 = p - 5*b - 10, 4*p + 2*b = b - 2. Let l be 9 - (p/(-2) + 2). Calculate the greatest common divisor of l and 1.
1
Let l be 6 + (-5 - (-5 - 0)). Let h = -13 - -21. Let p be (6/h)/((-1)/(-72)). Calculate the greatest common factor of p and l.
6
Let y(u) = -u**3 + 17*u**2 - 19*u + 6. Let v be y(15). Calculate the highest common divisor of 19 and v.
19
Let i = -112 - -176. What is the greatest common divisor of 160 and i?
32
Let m be ((-9)/5)/((-25)/125). Calculate the greatest common factor of 6 and m.
3
Let m be 46/(0 - -2) - 0. Suppose m = 2*y - 5. Let g = 66 - y. What is the highest common factor of g and 13?
13
Suppose 0 = 3*q + 3*f + 372, -3*q + 4*f - f = 372. Let n be (-4)/(-14) - q/7. Let h be (1845/(-82))/((-2)/4). Calculate the greatest common factor of h and n.
9
Suppose -11*u + 7*u + 12 = 0. What is the greatest common divisor of 27 and u?
3
Let k(h) = h**3 + 4*h**2 + 2*h + 2. Let o be k(-2). What is the greatest common divisor of o and 42?
6
Let v be (48/(-5))/((-5)/200). Let j be v/39 + (-4)/(-26). Suppose j + 54 = 4*q - 4*t, 47 = 3*q - 4*t. Calculate the greatest common factor of 68 and q.
17
Suppose 5*a = 2*a + 60. Suppose -5*c = 5*k - 25, 0*c + a = -5*c. Let m be (-4)/((-20)/(-15) + -2). What is the greatest common factor of m and k?
3
Let u(l) be the first derivative of -l**3/3 - l**2/2 + 18*l - 4. Let j be u(0). Calculate the greatest common divisor of 144 and j.
18
Suppose 4*c = 16, -5*c = -3*j - 0*j + 22. Let u be 2/7 + (-582)/(-21). Calculate the highest common divisor of j and u.
14
Suppose 3*s + 2*u - 22 = 0, -4*u = -5*s - 2*u + 10. Let b = -4 + s. Let j be 4 - (b/3 - -2). Calculate the highest common divisor of j and 8.
2
Let u = -10 + 60. Suppose 6*w = w + 135. Let g = w - 17. Calculate the greatest common factor of g and u.
10
Let q(r) = -r**2 + 7*r + 4. Suppose -4 - 8 = -2*w. Let d be q(w). Calculate the greatest common factor of 70 and d.
10
Let w be ((-3)/(-6) - 2) + 59/2. Let r(l) = -36*l - 2. Let t be r(-2). Calculate the greatest common divisor of w and t.
14
Suppose -3*x = 2*j - 13, x + 2*x = -j + 11. Let a be (16 - 2) + j + -4. What is the highest common divisor of 12 and a?
12
Suppose -h - 1 = 2*l - l, 11 = 5*h - 3*l. Let r be ((-85)/5)/((-1)/h). What is the greatest common divisor of 136 and r?
17
Let o(f) = -f + 5. Let d be o(5). Let y = -2 - d. Let g be (6/y)/(3/(-21)). What is the highest common divisor of 189 and g?
21
Let v(b) = 5*b - 53. Let c be v(12). What is the highest common factor of c and 28?
7
Suppose -5*j + 2*p = -0*j - 22, 26 = 5*j - p. Calculate the highest common factor of j and 6.
6
Let j be (12/7)/((-14)/(-49)). Let i be (-16)/((8/j)/(-2)). What is the highest common divisor of i and 3?
3
Suppose 2*g - 5*g = -15. Suppose -4*d + g*d = 17. Let x = d - -3. What is the greatest common divisor of x and 4?
4
Let z = 21 - -28. Let o = -34 + z. Suppose 5*b = m + 74, 0*b + 3*m + 27 = 2*b. What is the greatest common factor of o and b?
15
Let x = -53 + 80. Calculate the highest common factor of 135 and x.
27
Suppose -b - 25 = -5*n, 4*b - 15 = b. Suppose 2*i - n = i. Let v = 111 + -45. What is the greatest common divisor of v and i?
6
Let j = 85 - 20. Let a be -13*(-1)/1*1. What is the greatest common divisor of j and a?
13
Suppose -5*i + 6 = -129. Let r(s) = 9*s. Let y be r(2). What is the highest common factor of i and y?
9
Let r(g) = 5*g. Let m be r(4). Calculate the highest common factor of m and 100.
20
Let n = 124 + -67. Suppose 4*q + 13 = n. Let u(w) = w**3 - 6*w**2 + 8*w - 4. Let j be u(6). Calculate the highest common divisor of q and j.
11
Let q(n) = 2*n**3 - 5*n**2 + 3*n + 5. Let y be q(4). What is the greatest common factor of 39 and y?
13
Suppose -4*l - 3*a + 141 = 0, l + 4*a = -0*l + 19. Calculate the greatest common factor of 13 and l.
13
Let b = 3 + -3. Suppose -5*g = -2*u + 180, 2*g = -4*u - b*g + 336. What is the greatest common factor of 17 and u?
17
Suppose -2 = 2*j - 4*j. Let b be 0 + 6 - (4 - j). Let z = 7 + b. What is the highest common divisor of z and 10?
10
Let y be (-3 + 6 - -110) + (1 - 2). Calculate the highest common factor of 16 and y.
16
Let b(y) = -32*y + 3. Let i be b(5). Let s = -80 - i. What is the greatest common divisor of 11 and s?
11
Let b = -31 + 70. Calculate the highest common divisor of 52 and b.
13
Let s(m) = m + 4. Let w be s(-4). Suppose w*a + 40 = 5*a. Let n be 698/a - 12/(-16). What is the highest common divisor of n and 11?
11
Let o be (1/3)/((-3)/(-9)). Let g be -1*o*(-36)/2. Suppose 2*t + 3*t - 5*z = 620, 3*t - 370 = 4*z. Calculate the greatest common divisor of t and g.
18
Suppose z - 3*z = 2*o, -2*o - 14 = -5*z. What is the highest common divisor of z and 10?
2
Suppose -3*b + 8*b = 0. Suppose -8 = 4*t - b*t. Let a = 4 + t. Calculate the greatest common factor of a and 10.
2
Suppose 4 = -4*k + 12. Suppose -d = -k*d + 110. Let y be (-5*2)/(1*-1). Calculate the greatest common divisor of y and d.
10
Let i = -63 - -70. Calculate the highest common divisor of 7 and i.
7
Suppose -n + 92 = n. Suppose 4*q - 11 - 8 = 3*m, 3*q - 5*m = 17. Suppose 5*s = -q*w + n, -3*s + 1 + 5 = -3*w. Calculate the highest common factor of 4 and s.
2
Let s be (-6)/(-9)*6*1. Let y = 0 - -4. What is the greatest common factor of s and y?
4
Let a(z) = z**3 + 10*z**2 - 18*z - 17. Let b be a(-11). What is the highest common factor of 24 and b?
12
Suppose -4*s = s - 105. Suppose -13*w - 508 + 2692 = 0. Calculate the highest common factor of s and w.
21
Let t = -88 + 134. What is the highest common divisor of t and 46?
46
Let m be 1/2 - 3/(-6). Let q be (-1)/(-2 + 324/164). Let b be -1 - ((0 - q) 